*3 + 29*t**2 + 73*t + 26. Give o(-26).
156
Let a(u) = -u**3 + 103*u**2 - 2520*u + 18. Determine a(40).
18
Let a(q) = q**3 - 12*q**2 - q + 122. What is a(4)?
-10
Let c(x) = 173*x + 1909. What is c(-11)?
6
Let z(x) = -27*x**2 - 13*x - 10. What is z(-2)?
-92
Let c(b) = -114*b**3 - 6*b - 5. Calculate c(-1).
115
Let m(l) = -l**3 - 289*l**2 - 787*l + 20296. Calculate m(-286).
-10
Let q(h) = -199*h + 814. Calculate q(6).
-380
Let z(v) = -18*v**2 - 89*v - 4. Give z(-5).
-9
Let t(m) = -33*m + 25. What is t(-2)?
91
Let u(m) = 470*m - 13586. What is u(29)?
44
Let v(s) = s**3 + 11*s**2 - 24*s + 27. Give v(-13).
1
Let g(a) = 367*a**2 + 733*a - 6. Determine g(-2).
-4
Let a(d) = 203*d + 59677. Give a(-294).
-5
Let n(b) = b**3 - 8*b**2 - 712*b - 31. Determine n(-23).
-54
Let n(j) = j**3 + 21*j**2 - 8*j - 38. Calculate n(-21).
130
Let m(w) = w**3 + 2*w**2 - 24*w - 54. Calculate m(-2).
-6
Let a(s) = -991*s - 19826. Give a(-20).
-6
Let s(t) = -304*t + 2412. Give s(8).
-20
Let o(h) = -h**2 - 45*h - 934. Determine o(-28).
-458
Let b(y) = -y**2 - 35*y + 379. Calculate b(-46).
-127
Let c(b) = -4*b + 59. Give c(8).
27
Let j(v) = v**3 + 12*v**2 + 35*v + 108. Give j(-10).
-42
Let y(s) = 3*s**3 + 14*s**2 + 38*s + 7. Give y(-6).
-365
Let t(r) = -r**3 + 30*r**2 - 182*r + 119. What is t(22)?
-13
Let j(n) = -110*n - 6159. What is j(-56)?
1
Let w(r) = -137*r - 663. Calculate w(-12).
981
Let u(i) = -39*i**3 - 6*i**2 + 8*i + 12. Calculate u(-1).
37
Let o(g) = -g**2 - 31*g + 185. Calculate o(-38).
-81
Let j(o) = 46*o - 90. Determine j(2).
2
Let v(x) = -697*x + 9042. What is v(13)?
-19
Let t(r) = -r**2 - 108*r + 2. Determine t(0).
2
Let n(w) = 22*w + 49. Determine n(4).
137
Let i(x) = -14*x**2 + 96*x - 409. Give i(5).
-279
Let a(s) = 64*s + 320. What is a(-3)?
128
Let a(u) = -2*u**3 + 326*u + 3. Calculate a(0).
3
Let l(r) = -r**3 + 2*r**2 + 10*r - 33. What is l(3)?
-12
Let z(y) = -90*y - 13702. Give z(-152).
-22
Let b(p) = 21*p - 232. Calculate b(12).
20
Let s(o) = o**2 + 129*o - 4953. Give s(31).
7
Let u(a) = 29*a**3 - a**2 - 21*a - 19. What is u(-1)?
-28
Let c(y) = -3054*y + 24430. What is c(8)?
-2
Let i(j) = -30*j - 389. What is i(-13)?
1
Let x(d) = 112*d + 643. Determine x(-6).
-29
Let z(r) = -r**2 - 120*r + 1019. Determine z(8).
-5
Let g(q) = -135*q**2 - 1480*q + 70. Determine g(-11).
15
Let m(h) = -h**3 + 30*h**2 - 3*h + 117. Determine m(30).
27
Let z(m) = -817*m + 4909. Determine z(6).
7
Let q(v) = 2*v**3 - 24*v**2 - 3*v + 5. Give q(12).
-31
Let j(n) = -n**3 + 5*n**2 + 12*n - 67. What is j(5)?
-7
Let o(n) = n**2 - 83*n - 824. Give o(-9).
4
Let k(i) = i**3 - 26*i**2 - 27*i + 43. Determine k(27).
43
Let n(c) = -195*c**3 - 7*c**2 - 6*c + 8. Calculate n(1).
-200
Let b(w) = 130*w - 3378. What is b(26)?
2
Let k(q) = 50*q - 389. Calculate k(14).
311
Let c(i) = -86*i - 27. What is c(5)?
-457
Let t(z) = 2*z**2 - 29*z + 158. What is t(9)?
59
Let n(f) = -81000*f + 243005. Calculate n(3).
5
Let x(r) = 139*r - 4271. Determine x(30).
-101
Let l(p) = -4*p**3 - 2*p**2 + 7*p - 8. Determine l(2).
-34
Let v(g) = 5*g**2 - 43*g - 77. Give v(-2).
29
Let n(q) = -q**3 - 81*q**2 - 646*q + 133. Determine n(-72).
-11
Let c(r) = r**3 + 49*r**2 + 387*r - 78. Give c(-39).
39
Let m(j) = -3*j**3 + 23*j**2 + 2*j + 34. What is m(8)?
-14
Let f(t) = 18*t**3 + 8*t - 6. Give f(1).
20
Let w(h) = h**2 + 204*h + 1397. Give w(-7).
18
Let r(m) = 4352*m + 78327. Calculate r(-18).
-9
Let o(n) = n**2 + 2017*n + 14079. Determine o(-7).
9
Let x(g) = 15*g**2 + 7*g + 6. Give x(2).
80
Let y(l) = 34*l + 170. Calculate y(-10).
-170
Let n(v) = 3*v**2 - 22*v - 368. Determine n(15).
-23
Let z(x) = -3*x**2 - 61*x + 293. What is z(-16)?
501
Let i(s) = -4*s**2 + 9*s - 100. Calculate i(8).
-284
Let t(g) = g**2 - 41*g + 55. What is t(40)?
15
Let h(p) = 7366*p - 29447. Calculate h(4).
17
Let m(g) = -g**3 + 6*g**2 - 4*g + 17. Calculate m(4).
33
Let y(m) = -m**3 - 19*m**2 - 38*m - 30. Determine y(-17).
38
Let p(f) = -f**3 - 5*f**2 + 7*f - 132. Calculate p(-8).
4
Let p(h) = -21*h - 154. Determine p(-7).
-7
Let l(a) = -7*a - 203. What is l(-34)?
35
Let u(r) = 77*r - 403. Determine u(5).
-18
Let g(h) = -h**3 + 14*h**2 + 38*h - 346. Calculate g(15).
-1
Let k(s) = -3*s**2 + 74*s + 795. What is k(-8)?
11
Let g(w) = 6*w**2 + 74*w + 181. Determine g(-9).
1
Let k(m) = -29*m**2 - 61*m + 114. Determine k(2).
-124
Let z(y) = -4*y**3 - 64*y**2 + 319*y - 24. Determine z(-20).
-4
Let n(s) = -s**2 + 31*s - 93. What is n(4)?
15
Let m(q) = -q**3 + 77*q**2 + 410*q + 5. Determine m(82).
5
Let l(q) = 7*q**2 - 71*q - 1828. Determine l(22).
-2
Let x(a) = -a**3 - 25*a**2 - 150*a + 59. Calculate x(-13).
-19
Let u(l) = -2*l**2 + 39*l - 162. Calculate u(6).
0
Let d(g) = 14*g**3 - g**2 + 6*g - 6. Give d(1).
13
Let j(x) = x**2 + 11*x + 62. Give j(-9).
44
Let p(i) = -12*i**2 - 413*i + 259. Calculate p(-35).
14
Let m(g) = g**3 - 10*g**2 + 17*g - 169. Determine m(10).
1
Let q(r) = 54*r**2 + 1883*r - 236. Calculate q(-35).
9
Let r(y) = -y**3 - 3*y**2 + y - 3. Calculate r(-8).
309
Let p(u) = -12*u**2 + 95*u + 10. Determine p(8).
2
Let r(h) = -h**2 - 8*h + 19. Give r(-8).
19
Let z(i) = -14*i**2 + 324*i + 673. What is z(25)?
23
Let p(l) = 66*l - 21. Calculate p(3).
177
Let g(s) = 2*s**3 - 12*s**2 + 37*s - 13. Determine g(4).
71
Let n(l) = -158*l - 1582. Give n(-10).
-2
Let k(y) = y**3 - 24*y**2 + 134*y - 1066. What is k(20)?
14
Let r(c) = c**3 - 205*c**2 - 415*c + 208. Calculate r(207).
1
Let t(h) = 10*h + 87. Calculate t(-12).
-33
Let a(v) = -252*v - 1009. Calculate a(-4).
-1
Let p(c) = -138*c**2 + 5*c + 9. Give p(2).
-533
Let p(u) = -u**3 - 14*u**2 - 23*u + 37. What is p(-11)?
-73
Let h(t) = 152*t - 636. Give h(9).
732
Let r(l) = -39*l + 84. Calculate r(6).
-150
Let f(x) = -11*x**2 + 347*x - 37. Determine f(31).
149
Let s(p) = -14*p - 1654. Calculate s(-79).
-548
Let b(w) = -w**2 + 37*w - 81. Give b(35).
-11
Let n(r) = r**3 - 15*r**2 + 3*r - 48. Give n(15).
-3
Let d(t) = -t**3 + 11*t**2 + 4*t. Give d(11).
44
Let q(f) = f**2 + 62*f + 924. Calculate q(-29).
-33
Let g(k) = -1087*k - 10869. What is g(-10)?
1
Let w(r) = -9*r**2 + 42*r + 82. What is w(6)?
10
Let i(g) = 14*g - 114. Calculate i(12).
54
Let w(r) = r**3 - 78*r**2 - 83*r + 316. Give w(79).
0
Let v(f) = 314*f + 163. What is v(1)?
477
Let l(f) = f**2 + 13*f - 10. Give l(-8).
-50
Let f(b) = -7*b**3 - 112*b**2 - 2*b - 108. Calculate f(-16).
-76
Let k(l) = -l**2 - 381*l + 2321. Determine k(6).
-1
Let m(d) = 361*d + 3263. What is m(-9)?
14
Let q(p) = -17*p**2 - 149*p - 33. Give q(-9).
-69
Let u(l) = -5*l**2 + 24*l - 25. Give u(1).
-6
Let t(y) = -349*y**2 - 2098*y - 22. Give t(-6).
2
Let b(n) = -n**2 + 106*n + 325. Calculate b(-3).
-2
Let d(r) = -7*r + 113. Give d(-32).
337
Let c(y) = -244*y**3 + 2*y**2 - y - 1. What is c(1)?
-244
Let h(t) = -14*t - 1714. What is h(-122)?
-6
Let z(y) = -y**3 + 18*y**2 - 3*y - 57. Give z(18).
-111
Let s(d) = -34*d**2 + 157*d + 183. Calculate s(-1).
-8
Let k(r) = 21*r**2 - 12*r + 31. Give k(3).
184
Let t(b) = 96*b + 89. Determine t(-1).
-7
Let p(c) = 103*c - 3291. Calculate p(32).
5
Let f(u) = -160*u - 493. What is f(-3)?
-13
Let y(s) = -3*s**3 - 4*s**2 - 7*s - 2. What is y(-4)?
154
Let p(z) = 2*z**2 - 847*z + 4181. Give p(5).
-4
Let r(o) = o**2 - 3306*o - 16543. Determine r(-5).
12
Let b(y) = y**3 - 31*y**2 + 32*y + 52. What is b(30)?
112
Let d(t) = -t**3 - 43*t**2 - 170*t + 740. What is d(-38)?
-20
Let f(i) = 3*i**2 + 178*i + 151. Give f(-57).
-248
Let s(v) = 2*v**3 - 95*v**2 - 49*v + 40. Determine s(48).
-8
Let l(i) = -2*i**2 - 56*i + 1189. Calculate l(-42).
13
Let j(l) = 16*l**3 + 131*l**2 + 27*l + 5. Determine j(-8).
-19
Let q(v) = -3*v**2 - 553*v - 2692. Determine q(-5).
-2
Let b(q) = 544*q + 10. Give b(0).
10
Let a(z) = -15*z + 242. Give a(8).
122
Let v(p) = p**3 - 11*p**2 - 8*p + 237. Determine v(9).
3
Let p(z) = 17*z**3 - 5*z**2 - 18*z - 4. Determine p(-1).
-8
Let j(a) = -4*a**2 - 3*a - 165. Give j(0).
-165
Let o(s) = -8*s**2 + 69*s - 3. Give o(7).
88
Let k(r) = 15*r**2 + 38*r - 97. What is k(3)?
152
Let n(x) = -2*x**3 + 75*x**2 + 116*x - 19. Calculate n(39).
-58
Let s(k) = 2*k**2 + 74*k + 684. What is s(-15)?
24
Let m(k) = 19*k + 1500. Calculate m(-75).
75
Let j(c) = -5*c**3 + 31*c**2 - 7*c + 31. Determine j(6).
25
Let b(v) = 26*v - 986. Give b(39).
28
Let w(a) = 9*a**2 + 